{"id":2145,"date":"2021-08-05T16:27:31","date_gmt":"2021-08-05T20:27:31","guid":{"rendered":"https:\/\/www2.stetson.edu\/neolithic-studies\/?page_id=2145"},"modified":"2021-08-05T16:27:31","modified_gmt":"2021-08-05T20:27:31","slug":"neble-jordehoj-jaettestue-passage-tomb-mon-denmark","status":"publish","type":"page","link":"https:\/\/www2.stetson.edu\/neolithic-studies\/passage-tombs\/neble-jordehoj-jaettestue-passage-tomb-mon-denmark\/","title":{"rendered":"Neble Jordeh\u00f8j J\u00e6ttestue (Passage Tomb), M\u00f8n, Denmark"},"content":{"rendered":"<p><a href=\"https:\/\/www2.stetson.edu\/neolithic-studies\/wp-content\/uploads\/2021\/08\/Neble-Jordehoj-Jaettestue1P1010093.jpg\"><img loading=\"lazy\" decoding=\"async\" class=\"size-full wp-image-2146\" src=\"https:\/\/www2.stetson.edu\/neolithic-studies\/wp-content\/uploads\/2021\/08\/Neble-Jordehoj-Jaettestue1P1010093.jpg\" alt=\"\" width=\"2044\" height=\"1358\" srcset=\"https:\/\/www2.stetson.edu\/neolithic-studies\/wp-content\/uploads\/2021\/08\/Neble-Jordehoj-Jaettestue1P1010093.jpg 2044w, https:\/\/www2.stetson.edu\/neolithic-studies\/wp-content\/uploads\/2021\/08\/Neble-Jordehoj-Jaettestue1P1010093-300x199.jpg 300w, https:\/\/www2.stetson.edu\/neolithic-studies\/wp-content\/uploads\/2021\/08\/Neble-Jordehoj-Jaettestue1P1010093-1024x680.jpg 1024w, https:\/\/www2.stetson.edu\/neolithic-studies\/wp-content\/uploads\/2021\/08\/Neble-Jordehoj-Jaettestue1P1010093-768x510.jpg 768w, https:\/\/www2.stetson.edu\/neolithic-studies\/wp-content\/uploads\/2021\/08\/Neble-Jordehoj-Jaettestue1P1010093-1536x1020.jpg 1536w\" sizes=\"auto, (max-width: 2044px) 100vw, 2044px\" \/><\/a> <\/p>\n<p>This passage tomb is one of many on M\u00f8n, a smaller island in Sjaelland. It has been dated to 3200 B.C.E. It sits at 22 feet of elevation, 54 N 58&#8242;, 12 E 14.93&#8242;. A local amateur archaeologist named Gustav Hage surveyed the site for the first time in 1830 and was instrumental in subsequent efforts to preserve it. By 1836 an official excavation took place, which found 3 skulls, 6 burials, amber beads, stone tools, and clay pots. Since that time local farmers have protected the site for a small stipend. In 1988 a restoration repaired one of the orthostats. <\/p>\n<p><a href=\"https:\/\/www2.stetson.edu\/neolithic-studies\/wp-content\/uploads\/2021\/08\/Neble-Jordehoj-Jaettestue2P1010095.jpg\"><img loading=\"lazy\" decoding=\"async\" class=\"size-full wp-image-2147\" src=\"https:\/\/www2.stetson.edu\/neolithic-studies\/wp-content\/uploads\/2021\/08\/Neble-Jordehoj-Jaettestue2P1010095.jpg\" alt=\"\" width=\"2036\" height=\"1359\" srcset=\"https:\/\/www2.stetson.edu\/neolithic-studies\/wp-content\/uploads\/2021\/08\/Neble-Jordehoj-Jaettestue2P1010095.jpg 2036w, https:\/\/www2.stetson.edu\/neolithic-studies\/wp-content\/uploads\/2021\/08\/Neble-Jordehoj-Jaettestue2P1010095-300x200.jpg 300w, https:\/\/www2.stetson.edu\/neolithic-studies\/wp-content\/uploads\/2021\/08\/Neble-Jordehoj-Jaettestue2P1010095-1024x684.jpg 1024w, https:\/\/www2.stetson.edu\/neolithic-studies\/wp-content\/uploads\/2021\/08\/Neble-Jordehoj-Jaettestue2P1010095-768x513.jpg 768w, https:\/\/www2.stetson.edu\/neolithic-studies\/wp-content\/uploads\/2021\/08\/Neble-Jordehoj-Jaettestue2P1010095-1536x1025.jpg 1536w\" sizes=\"auto, (max-width: 2036px) 100vw, 2036px\" \/><\/a> <\/p>\n<p>The mound is orientated to approximately 140 degrees southeast, near sunrise on Winter Solstice. A royal marker is visible to the left of the entrance.<\/p>\n<p><a href=\"https:\/\/www2.stetson.edu\/neolithic-studies\/wp-content\/uploads\/2021\/08\/Neble-Jordehoj-Jaettestue3P1010101.jpg\"><img loading=\"lazy\" decoding=\"async\" class=\"size-full wp-image-2148\" src=\"https:\/\/www2.stetson.edu\/neolithic-studies\/wp-content\/uploads\/2021\/08\/Neble-Jordehoj-Jaettestue3P1010101.jpg\" alt=\"\" width=\"2029\" height=\"1351\" srcset=\"https:\/\/www2.stetson.edu\/neolithic-studies\/wp-content\/uploads\/2021\/08\/Neble-Jordehoj-Jaettestue3P1010101.jpg 2029w, https:\/\/www2.stetson.edu\/neolithic-studies\/wp-content\/uploads\/2021\/08\/Neble-Jordehoj-Jaettestue3P1010101-300x200.jpg 300w, https:\/\/www2.stetson.edu\/neolithic-studies\/wp-content\/uploads\/2021\/08\/Neble-Jordehoj-Jaettestue3P1010101-1024x682.jpg 1024w, https:\/\/www2.stetson.edu\/neolithic-studies\/wp-content\/uploads\/2021\/08\/Neble-Jordehoj-Jaettestue3P1010101-768x511.jpg 768w, https:\/\/www2.stetson.edu\/neolithic-studies\/wp-content\/uploads\/2021\/08\/Neble-Jordehoj-Jaettestue3P1010101-1536x1023.jpg 1536w\" sizes=\"auto, (max-width: 2029px) 100vw, 2029px\" \/><\/a> <\/p>\n<p>There appears to be cup marks on the fourth orthostat on the left side of the passage.<\/p>\n<p><a href=\"https:\/\/www2.stetson.edu\/neolithic-studies\/wp-content\/uploads\/2021\/08\/Neble-Jordehoj-Jaettestue4P1010100.jpg\"><img loading=\"lazy\" decoding=\"async\" class=\"size-full wp-image-2149\" src=\"https:\/\/www2.stetson.edu\/neolithic-studies\/wp-content\/uploads\/2021\/08\/Neble-Jordehoj-Jaettestue4P1010100.jpg\" alt=\"\" width=\"2037\" height=\"1360\" srcset=\"https:\/\/www2.stetson.edu\/neolithic-studies\/wp-content\/uploads\/2021\/08\/Neble-Jordehoj-Jaettestue4P1010100.jpg 2037w, https:\/\/www2.stetson.edu\/neolithic-studies\/wp-content\/uploads\/2021\/08\/Neble-Jordehoj-Jaettestue4P1010100-300x200.jpg 300w, https:\/\/www2.stetson.edu\/neolithic-studies\/wp-content\/uploads\/2021\/08\/Neble-Jordehoj-Jaettestue4P1010100-1024x684.jpg 1024w, https:\/\/www2.stetson.edu\/neolithic-studies\/wp-content\/uploads\/2021\/08\/Neble-Jordehoj-Jaettestue4P1010100-768x513.jpg 768w, https:\/\/www2.stetson.edu\/neolithic-studies\/wp-content\/uploads\/2021\/08\/Neble-Jordehoj-Jaettestue4P1010100-1536x1026.jpg 1536w\" sizes=\"auto, (max-width: 2037px) 100vw, 2037px\" \/><\/a> <\/p>\n<p>The inner chamber is 10m x 2.3 m x 1.7m. <\/p>\n<p>[previous] [next]<\/p>\n","protected":false},"excerpt":{"rendered":"<p>This passage tomb is one of many on M\u00f8n, a smaller island in Sjaelland. It has been dated to 3200 B.C.E. It sits at 22 feet of elevation, 54 N 58&#8242;, 12 E 14.93&#8242;. A local amateur archaeologist named Gustav Hage surveyed the site for the first time in 1830 and was instrumental in subsequent [&hellip;]<\/p>\n","protected":false},"author":3,"featured_media":0,"parent":28,"menu_order":0,"comment_status":"closed","ping_status":"closed","template":"","meta":{"footnotes":""},"class_list":["post-2145","page","type-page","status-publish","hentry"],"_links":{"self":[{"href":"https:\/\/www2.stetson.edu\/neolithic-studies\/wp-json\/wp\/v2\/pages\/2145","targetHints":{"allow":["GET"]}}],"collection":[{"href":"https:\/\/www2.stetson.edu\/neolithic-studies\/wp-json\/wp\/v2\/pages"}],"about":[{"href":"https:\/\/www2.stetson.edu\/neolithic-studies\/wp-json\/wp\/v2\/types\/page"}],"author":[{"embeddable":true,"href":"https:\/\/www2.stetson.edu\/neolithic-studies\/wp-json\/wp\/v2\/users\/3"}],"replies":[{"embeddable":true,"href":"https:\/\/www2.stetson.edu\/neolithic-studies\/wp-json\/wp\/v2\/comments?post=2145"}],"version-history":[{"count":5,"href":"https:\/\/www2.stetson.edu\/neolithic-studies\/wp-json\/wp\/v2\/pages\/2145\/revisions"}],"predecessor-version":[{"id":2154,"href":"https:\/\/www2.stetson.edu\/neolithic-studies\/wp-json\/wp\/v2\/pages\/2145\/revisions\/2154"}],"up":[{"embeddable":true,"href":"https:\/\/www2.stetson.edu\/neolithic-studies\/wp-json\/wp\/v2\/pages\/28"}],"wp:attachment":[{"href":"https:\/\/www2.stetson.edu\/neolithic-studies\/wp-json\/wp\/v2\/media?parent=2145"}],"curies":[{"name":"wp","href":"https:\/\/api.w.org\/{rel}","templated":true}]}}